
3
Let l = -748 - -1194. What is the remainder when l is divided by 117?
95
Suppose 0 = 88*j - 160*j + 8568. What is the remainder when j is divided by 36?
11
Suppose 152*r - 150*r = -14, -3*y + r + 430 = 0. Calculate the remainder when 180 is divided by y.
39
Suppose -2*u + 155 = 39. Suppose -3*n = u + 2. What is the remainder when 71 is divided by n/(-1) + (5 - 2 - 3)?
11
Suppose -78*w + 164334 = 25104. What is the remainder when w is divided by 878?
29
Let a = -4118 + 4198. What is the remainder when 245 is divided by a?
5
Let b(r) = r**2 + 7*r + 2. Let v be b(-9). Suppose 3*x + v = 50. Let g(k) = -14*k**2 + 79*k + 13. Calculate the remainder when g(5) is divided by x.
8
Let b(u) = -u**2 - 9*u + 105. Let s = -416 - -688. Calculate the remainder when s is divided by b(-12).
65
Suppose -5*k = 10, -4*w + 56 = 129*k - 131*k. Calculate the remainder when 757 is divided by w.
3
Suppose -52 = 11*q - 16*q - 2*y, 5*q = 2*y + 68. What is the remainder when 1155 is divided by q?
3
Suppose 0 = 5*u - 39*z + 34*z + 1610, -2*z = -3*u - 970. Let h = u - -362. What is the remainder when h is divided by 30?
6
Let r = 6 - -21. Calculate the remainder when (26/(-6))/(((-735)/(-252))/(-35)) is divided by r.
25
Suppose d = -4*q + 89, 2*d + 5*q - 208 = -33. Calculate the remainder when d is divided by 105/(8 + -1) - 1.
1
Let k = -1704 - -1719. Calculate the remainder when k is divided by (18/(-8))/((-66)/352).
3
Let c be (-21885)/(-35) + 4/(-14)*1. Let q = -588 + c. What is the remainder when 221 is divided by q?
36
Suppose -2*j + 6*j = 232. Let f(k) = -2*k**3 - 9*k**2 - 3*k + 10. Let x be f(-7). Let d = 291 - x. Calculate the remainder when j is divided by d.
13
Let q(v) = -33*v + 87. Suppose 0 = -8*u - 51 - 29. Calculate the remainder when q(u) is divided by 84.
81
Suppose 0 = -2*g + 3*g - 1, 5*r + 2*g = 2. Suppose r = -5*m + 3*k + 335, 0*k + 153 = 2*m - 5*k. What is the remainder when m is divided by 13?
12
Suppose 34 = 5*d - 51. Suppose 2*s = 3*g + 1205 - 1258, -55 = -5*s. Calculate the remainder when g is divided by d.
8
Let w be 8/3 + -2 - 1330/(-30). Suppose -146*i + 141*i + w = 0. What is the remainder when 96 is divided by i?
6
Suppose 116623 = 8*a + 12487. Calculate the remainder when a is divided by 84.
81
Let l be (188 + 11)/(2/4). Suppose l = 214*m - 213*m. Calculate the remainder when m is divided by 10.
8
Let j be (10 - (1 - -4)) + 5 + -12. Let o(v) = -3*v**3 - 7*v**2 - 7*v - 4. What is the remainder when 20 is divided by o(j)?
2
Let k(i) = -i - 101. Let n be k(0). Let y = n + 105. Suppose -m - y*v = -6 - 31, -4*m = -3*v - 167. What is the remainder when 122 is divided by m?
40
Let s be (6/(-5))/(12/40). Calculate the remainder when 17 - (62/124)/((-2)/(-44)) is divided by (-2 - -1)/(2/s).
0
Suppose 0 = -92*a + 86*a + 42. Calculate the remainder when 1089 is divided by a.
4
Let n = -2526 + 2579. Calculate the remainder when 1216 is divided by n.
50
Suppose -2*k - 5*r + 20 = 0, k + 2*r - 1 = 8. What is the remainder when 26 is divided by (2/5 - 62/k)/(-2)?
2
Suppose -3*m + 7*m - 2*f - 52 = 0, 0 = -3*m - 5*f + 52. Suppose -333 = -3*d - 0*d. What is the remainder when d is divided by m?
13
Suppose 0 = 2*h - 5*f - 1, 4*h + 35*f = 34*f + 79. Suppose 0 = -2*j + 2*b + 3*b + 6, j - 3 = 4*b. What is the remainder when h is divided by 3/9 - (-11)/j?
2
Let v be 4/6*(-21)/(21/(-3)). Suppose -2*y + 328 = -3*t, -v*y + 121 = -4*t - 211. Calculate the remainder when y is divided by 16.
14
Suppose -90 + 0 = -2*a - 3*z, -3*a = -4*z - 135. Let c = 627 + -499. What is the remainder when c is divided by a?
38
Suppose -883 = 13*r - 987. Calculate the remainder when 4563 is divided by r.
3
Let w(l) = 5*l - 30. Let c = -200 - -225. What is the remainder when w(16) is divided by c?
0
Let h = -31040 - -31052. Calculate the remainder when 791 is divided by h.
11
Let v(r) be the first derivative of 2*r**3/3 + r**2/2 - r + 27. Let x be v(1). Calculate the remainder when 23 is divided by (20/14)/(x/7).
3
Suppose -3*x - 128 - 276 = -4*t, 0 = -5*x. Calculate the remainder when 132 is divided by t.
31
Suppose 15*y - 53 = 14*y. Suppose y - 89 = -9*h. What is the remainder when 5 is divided by h?
1
Suppose 0 = -3*i + 5*g + 92, 38*g - 12 = -i + 35*g. Suppose -n + i = f + 3*n, -4*f = -n - 113. Calculate the remainder when 271 is divided by f.
19
Let q = 5411 + -2334. Calculate the remainder when q is divided by 57.
56
Let x(h) = 11*h**2 + 514*h - 45. Suppose 3*y - 2 = 4*y. What is the remainder when x(-47) is divided by (-12)/(-8) - 25/y?
12
Let c(t) = 374*t + 33701. Let i(s) = -488*s**3 - s**2. Let j be i(1). Calculate the remainder when 1/(-4) + j/(-4) is divided by c(-90).
40
Let r be 1*(-2 - 1101/3). Let x = r - -567. What is the remainder when x is divided by 34?
28
Let w be 3*65*(-8)/(-120). Suppose w*t - 173 + 108 = 0. Calculate the remainder when (18/4)/(2/12) is divided by t.
2
Let h = -850 - -292. Let n = h + 574. Calculate the remainder when n is divided by 11.
5
Suppose 8*l - 13*l + 35 = 5*n, l - 5*n = 55. Suppose 3*t - 260 = u, 0*u = 2*t + 3*u - 188. What is the remainder when t is divided by l?
13
Let h(u) = u**2 - 2*u - 4. Let v be h(-7). Suppose v = 6*m - 205. Calculate the remainder when 57 is divided by (-8)/m + (-5)/((-110)/224).
7
Let h = 4462 + 2053. Suppose -6457 = -12*p + h. Calculate the remainder when p is divided by 19.
17
What is the remainder when 2255 is divided by 11 - -21 - ((-7)/(-2))/((-34)/(-68))?
5
Calculate the remainder when 535 is divided by 171 - (0 - 2) - (157 + -153).
28
Suppose -3*i = -y + 24, i = 3*i + 8. Suppose -9*d + y*d - 1239 = 0. Suppose -d = -9*j - 125. Calculate the remainder when j is divided by 20.
12
Suppose 3*i + 11 = -1. Let s(k) = -204 - 804*k**2 - 6*k + 218 + 19*k - 803*k**2 + 1610*k**2. What is the remainder when s(i) is divided by 6?
4
Let u = -68 - -80. Let c(y) = -y**2 + 7*y + 11. Calculate the remainder when c(4) is divided by u.
11
Let d(q) = -17*q**2 + q + 45. Let j be d(-5). Let p = -316 - j. Calculate the remainder when 275 is divided by p.
68
Let a = -27 + 56. Suppose 34 + 110 = -9*w. Let d = w + a. Calculate the remainder when d is divided by 5.
3
Suppose -10*i + 48 = -6*i. Suppose l - 3*l = -i. Let p(r) = -10*r - 51. What is the remainder when p(-6) is divided by l?
3
Let n(t) = 42*t + 3. Suppose -2*w + 2*d + 4 = 0, 3 = -5*d + 2*d. Let r be n(w). Suppose 20 = -q + r. What is the remainder when 72 is divided by q?
22
Calculate the remainder when (-6*5/90)/(1/(-2676)) is divided by 17.
8
Let s(f) = 13*f - 70. Let r be s(5). Calculate the remainder when 133 is divided by r/(-2)*-1*(-32)/20.
1
Suppose 4081 + 3794 = -20*w + 65*w. What is the remainder when 366 is divided by w?
16
Suppose 14 = 5*h + 3*w, -5*w + 1 - 19 = -2*h. Suppose -30*b - 114 = -294. What is the remainder when b is divided by 70/20*h/7?
0
Calculate the remainder when 2086 is divided by -12 + (-8)/(64/(-40)) - -123.
114
Let b be 0 - 26 - (0 + -2 + 5). Let d = -22 - b. Suppose -d*w + 5*w + 28 = 0. Calculate the remainder when 39 is divided by w.
11
Let r(p) = -p**2 - 8*p - 4. Let k be (-63)/12 + 2/8. Calculate the remainder when 58 + (-2)/1 - (19 - 16) is divided by r(k).
9
Suppose 3*u - 21*u - 492 + 1698 = 0. What is the remainder when 1471 is divided by u?
64
Let a(c) = c**2 - 11*c + 27. Suppose -4*v - 40 = -84. Let x(t) = 105*t**3 + 2*t**2 - t. What is the remainder when x(1) is divided by a(v)?
25
Suppose -7*n + 27*n - 5950 + 5090 = 0. Calculate the remainder when 613 is divided by n.
11
Let f be ((-2)/((-6)/831))/1. Let p be (45*(6 + 0)/(-6))/(-1). Suppose -8*z = -f + p. What is the remainder when 113 is divided by z?
26
Suppose 9 = 5*m + 4*a, 5*m - 5 = 3*a + 32. What is the remainder when (-76)/(-190) - (-1068)/m is divided by 78?
58
Let j = -253 - -268. Let g(b) = b**2 + 6*b - 5. What is the remainder when j is divided by g(-8)?
4
Let o(w) = 2*w**3 - 73*w**2 + 39*w + 37. What is the remainder when o(36) is divided by (-6)/(-18) - 110/(-3)?
34
Suppose -1226*w + 3743 = -1207*w. Calculate the remainder when 405 is divided by w.
11
Let w = -11633 - -11998. What is the remainder when w is divided by 44?
13
Suppose -613 = 3*u + 803. Let l = u + 484. Calculate the remainder when 52 is divided by l.
4
Suppose 2*i - 9*a - 34 = -6*a, a + 15 = i. Let r 